41 + 2340 + 2360 + 2384 + f. Calculate k(-8).
-65
Let q(h) = 118678*h + 54 - 118684*h + 24. Determine q(17).
-24
Suppose 2*x = -4*p - 18, -p + x = p + 19. Let h(q) = -236*q - 8. Let s(a) = 629*a + 24. Let z(u) = 8*h(u) + 3*s(u). Give z(p).
15
Let v be (-11)/(110/(-180))*(-2)/(-6). Let u(b) = -11*b**3 - b**2 + 6*b + 3. Let t(w) = -9*w**3 - 2*w**2 + 6*w + 3. Let j(a) = -6*t(a) + 5*u(a). Determine j(v).
-3
Let t(u) = -80 - 2*u - 84 - 87 + 268. Calculate t(10).
-3
Let n(j) = 3*j - 2. Let y be 2 + -4 + 2 + 4. Let g be 92/(-20) + y/(-10). Let b(v) = -7*v + 5. Let r(i) = g*n(i) - 2*b(i). Give r(-2).
2
Suppose 5*h + 4*p - 1316 = 0, 3*h = 4*h + p - 264. Let s = h + -265. Let q(z) be the third derivative of z**4/6 + 5*z**3/6 - z**2. Determine q(s).
-15
Let f(g) be the second derivative of -g**3 - g**2/2 + g. Suppose 0 = -17*q + 172 - 53. Suppose -18 = 3*w - 4*z, 5*z + 2 - q = -5*w. What is f(w)?
11
Let q(f) be the third derivative of f**6/120 + f**5/10 + f**4/8 - 5*f**3/6 - 12*f**2 - f - 868. Suppose -3*p - 20 = 4*m, 2*m + m + 4*p + 15 = 0. What is q(m)?
5
Let v(l) be the second derivative of 9*l**3/2 + 7*l**2 + 48*l - 1. Give v(3).
95
Let x(n) = 2*n**2 - 3*n. Suppose -5*l + 3*l - 10 = 0, 2*l + 294 = 4*q. Let g = q + -68. Determine x(g).
9
Let h(i) = i - 10. Let k be h(5). Let m(j) = j**2 + 3*j - 8. Let t be m(k). Let p be t + (-100)/(-10)*2/4. Let c(q) = q**3 - 7*q**2 - q + 3. Calculate c(p).
-4
Let j(w) be the second derivative of w**5/20 - 7*w**4/4 + 35*w**3/6 + 23*w**2/2 - 6641*w. What is j(19)?
-34
Let h(d) = -2*d**3 + d**2 + 4*d - 2. Let y(c) = -27*c - 1888. Let t be y(-70). What is h(t)?
-6
Let h(d) = -4*d + 8. Let t = 9 + -4. Let k(m) = -3*m + 5. Let o(s) = t*h(s) - 8*k(s). Suppose -63*r + 23*r = -40. Give o(r).
4
Let j(o) be the second derivative of o**3/6 - 3*o**2/2 + 33*o. Let n be j(1). Let r(d) = d**2 + 6*d + 7. Let q be r(n). Let v(k) = -k**2 - k. Give v(q).
0
Let z(y) = 27*y**2 - 7*y - 12. Let d(u) = -148*u**2 + 35*u + 68. Let k(n) = 2*d(n) + 11*z(n). Suppose 0*b = -5*x + 4*b + 10, b = x - 1. Determine k(x).
-2
Let z be (-4)/10 + (-8)/5. Let u(k) be the first derivative of -3*k**2/2 - 5*k + 90. Let v be u(z). Let a(j) = 3*j - 1. Determine a(v).
2
Let q be (-1 + 6/(-12))*-1*2. Let k(f) = 52*f - 156. Let i be k(q). Let b(c) = -c + 14. Give b(i).
14
Let g(v) = -26808*v - 24 + 26805*v + 14 + 14 + 7*v**2. What is g(3)?
58
Let f(s) = -37*s + 19. Let q be (-224)/780 - (-50)/375 - (-134)/26. Give f(q).
-166
Let c(a) = -a**2 + 8*a - 12. Suppose 709*s - 23 = y + 705*s, 6*y = s + 46. What is c(y)?
-21
Let n(v) be the first derivative of 7*v**2/2 + 2*v + 14159. Suppose i - 1 = h, -3*h - h - 25 = 3*i. Determine n(h).
-26
Suppose 5*h = -4*w - 10, 3*h + 5*w = -0*h - 19. Suppose 0 = -f - h*f - 18. Let n be f/(-16) - 258/48. Let r(m) = m**3 + 4*m**2 - 5*m - 6. What is r(n)?
-6
Let m(g) = 35*g**2 - 24*g + 28. Let t(n) = -29*n**2 + 23*n - 28. Let v(c) = 5*m(c) + 6*t(c). Determine v(-15).
-73
Suppose 5*p - 85 = 5*f, 0 = 31*p - 35*p - 3*f + 47. Let n(z) be the third derivative of -z**5/60 + 13*z**4/24 - 34*z**2. Give n(p).
-14
Suppose -42 = -3*i - 27. Suppose i*m - 4*r - 10 + 12 = 0, 4*r = 3*m + 6. Let w(f) = -3*f - 1. What is w(m)?
-7
Let g(v) be the second derivative of v**5/20 - 5*v**4/12 - 5*v**3/6 - 3*v**2/2 + 3*v - 9. Suppose 16*q - 24 = 12*q. Calculate g(q).
3
Let p(m) be the second derivative of 1/20*m**5 + 3*m + 1/4*m**4 + 0 + m**2 + 2/3*m**3. What is p(-2)?
-2
Let l(i) = 5*i - 46. Let h be l(8). Let g(o) = o**2 + 12*o + 15. Let p be g(-11). Let c(n) = 5*n**2 - 6*n + n + 0*n**2 + n**3 + p + 1. Determine c(h).
-1
Let v(g) = -13*g + 2*g - g + 0*g + 7*g + 1. Let r = 56 + -54. Suppose 2*w - r*c = 18, -w + 29 = -c - 4*c. Determine v(w).
-19
Let t(o) be the first derivative of -o**4/6 - 46*o - 4. Let a(i) be the first derivative of t(i). What is a(-1)?
-2
Let d(k) = -k**3 + 9*k**2 - 7*k - 6. Let g be d(8). Let y(z) = 6*z**3 - z**2 - 4*z**3 + 2*z**g - 10*z**3. Calculate y(1).
-7
Let a(n) = n**2 - 19*n - 37. Suppose 73 - 66 = -3*s + 70. What is a(s)?
5
Let n(b) = 73*b + 1. Let m(l) = -148*l + 55. Let k(o) = m(o) + 2*n(o). Calculate k(15).
27
Let n(b) = 3*b - 6*b**2 + 3*b**2 - 11*b + 4*b. Let s(v) = -16*v**2 - 19*v + 2. Let j(f) = -11*n(f) + 2*s(f). Let u be (-13)/3 - (-2)/(-3). Determine j(u).
-1
Let y = -281 - -420. Let j = 133 - y. Let p(u) = 5 - 4 + 8*u + 0*u**2 + u**2 - u. What is p(j)?
-5
Suppose 3*w - 3*i = 0, 2*i = 2*w + 5*i - 20. Let g be 3 + (2 + (-12)/w)*-144. Let y be (-8)/12*g/(-14). Let j(a) = -a**3 + 7*a**2 + 2*a - 10. Give j(y).
4
Let r = -27 - -65. Let f = -35 + r. Suppose v - f = 4*i, 6*v - 2*v = i - 3. Let a(b) = -8*b**2 - b. Calculate a(v).
-7
Suppose -a - 5*i = 21, -i + 8 = 4*a - 3. Let h(g) = 4*g - 51 - g**2 - 59 + 116. Give h(a).
6
Let p(s) = -s**3 - 12*s**2 - 23*s + 5. Let k(z) = -115*z - 11395. Let g be k(-99). What is p(g)?
35
Let a = 51 - 26. Let s = a - 29. Let h(c) be the third derivative of c**6/120 + c**5/15 - c**4/24 - 2*c**3/3 - 7*c**2 - 2*c. Give h(s).
0
Let o(f) = -1 - 2*f + 5960*f**2 + 2 - 5961*f**2 + 3. Give o(-5).
-11
Let y(t) be the second derivative of t**5/20 - 49*t**4/12 - 17*t**3 + 3*t**2 - 78*t - 33. Give y(51).
6
Let d(i) = -31*i**3 + 3*i**2 - 4*i + 2. Suppose 1293*n - 1279*n - 14 = 0. Determine d(n).
-30
Suppose 0 = 9*t + 723 - 759. Suppose 0 = -3*s + t*d - 11, -2*s - 12*d = -7*d - 31. Let k(i) = 4*i**2 - 2*i - i**3 + 0 - 3 - 1. What is k(s)?
-1
Let a(h) = -h**2 + 7*h + 10. Let p = -2047 - -2056. What is a(p)?
-8
Let i(j) = 0*j + 6*j + 8*j - j**3 - 13*j**2. Let w be i(-14). Suppose 3*p + 3*v = w, 0 = -p - v - 2*v. Let x(k) = -k**3 + k**2 + 6. What is x(p)?
6
Let i(t) be the first derivative of -t**4/4 + 8*t**3/3 - 5*t**2/2 - 8*t + 2. Let o = -215 - -217. Let w be o/8 - 2/(48/(-162)). Determine i(w).
6
Let d be (-27)/6 + (-1)/2. Let u be (6/5)/(1/(70/6)). Let r(b) = 1 + u*b - 31*b + 18*b. Give r(d).
-4
Let i(z) = z + 8*z**2 - 690 - 692 - 30*z**2 + 1383. What is i(-1)?
-22
Let d(g) be the first derivative of -2*g**3/3 + 3*g**2/2 - 257. Give d(2).
-2
Let i(v) = -16897 + 3*v**2 + 16901 + 6*v - 4*v**2. Determine i(-6).
-68
Suppose 76*x - 375 = -983. Let w(q) = -2*q**2 - 18*q - 14. Determine w(x).
2
Let c be ((-48)/21)/((-9)/63). Let x(l) = -64*l + 22*l - 3 + 21*l + c*l. Determine x(-4).
17
Let s(v) = v**2 - 4*v + 6. Let c be s(3). Suppose -c*k = -0*k - 33. Let n(l) = -l**3 + 12*l**2 - 8*l - 11. What is n(k)?
22
Let s(b) = -6*b**3 - 8*b**2 + 2*b - 2. Let z(v) = -7*v**3 - 9*v**2 + 2*v - 1. Let d(t) = 6*s(t) - 5*z(t). Suppose -2531 + 2607 = -19*r. Determine d(r).
1
Let q(r) = 7*r**3 + r + 1. Let v = -495 + 544. Suppose -33*y + 16 = -v*y. Give q(y).
-7
Let a(w) = w**3 - 29*w**2 - w + 21. Let i = -5687 + 5716. Give a(i).
-8
Let g(a) = -10*a**3 + 12*a**2 + 16*a - 33. Let s(z) = -7*z**3 + 8*z**2 + 11*z - 23. Let q = -142 + 135. Let h(p) = q*s(p) + 5*g(p). What is h(4)?
8
Suppose -12 = -6*l + 9*l. Let c(i) = i**3 - 20*i**2 - 4*i + 7. Let h(s) = 4*s**2 - 1. Let d(w) = -c(w) - 6*h(w). Determine d(l).
-17
Let n(p) be the first derivative of -2*p**2 + 43*p + 5193. Calculate n(23).
-49
Let a(p) = 5*p**2 + 4*p + 10. Let f(l) be the first derivative of 2*l**3 + 3*l**2/2 + 11*l - 57. Let y(m) = 5*a(m) - 4*f(m). Determine y(-7).
-1
Let x be 12/3 + -2 + 1. Let s(j) = 3*j - 32. Let f be s(14). Suppose -x*a - 4 = -f. Let w(b) = -b**3 + 4*b**2 - 4*b + 3. Determine w(a).
3
Let g = 26 + -12. Suppose 3*i - 9 = -3. Suppose g = -h - i*y, 0*h + 52 = -5*h - y. Let c(l) = -l**2 - 9*l + 6. Calculate c(h).
-4
Let o = 209 - 182. Let f = o + -25. Let w(k) = -3*k**2 + 2*k + 1. What is w(f)?
-7
Let p(f) = f**2 + 3*f - 3. Let v(t) = -2*t**2 - 3*t + 8. Let o(j) = 3*p(j) + 2*v(j). What is o(12)?
-101
Let n(y) = -y**3 + 3*y**2 + 6*y - 6. Suppose 0 = -3*s - 330 + 2325. Let j = s - 660. Give n(j).
-26
Let p(l) be the second derivative of -6*l - 1/2*l**2 - 1 - 1/12*l**4 - 2/3*l**3. Give p(-4).
-1
Let n(s) = -4*s - 35. Let d(i) = -i**3 - i**2 + 36*i + 30. Let p be d(-6). Give n(p).
-11
Let l(i) = 47*i - 92. Let a be l(2). Let y be ((-1)/2)/(5/(-30)). Let c(f) = -2*f - f**y + 24*f**2 + 3 + 0*f - 23*f**2. Determine c(a).
-5
Let f(q) = 2*q - 32. Let d(t) = 13*t - 93. Let v(m) = 2*d(m) - 7*f(m). Determine v(-7).
-46
Let u(d) = 2*d + 9. Let o be u(-7). Let l(y)